 23*x. What is d(-12)?
2
Let o(a) be the first derivative of -2*a + 2/3*a**3 - 82 + a**2. Give o(-4).
22
Let b(u) = -u**2 + 21*u + 4706. Let o be b(-59). Let m(n) = -n + 3. Give m(o).
17
Let p = 70073 - 70075. Let y(a) be the third derivative of -a**4/3 + a**3/6 + a**2. Determine y(p).
17
Let h(t) = 0 + 27*t + 27*t - 2 - 92*t + 30*t. Let g = 24 - 25. Determine h(g).
6
Let r(g) = 1868*g**2 + 5 - 6*g + 2*g - 1854*g**2. Give r(3).
119
Let x(o) = 6*o**2 + 49*o + 30. Let u be (161/(-14) + 10)/(((-63)/48)/(-7)). Calculate x(u).
22
Let f(c) = 11*c + 77. Let j be f(-7). Let o(h) = 3*h**3 - 5*h**2 + 5*h + 12. Let r(v) = 8*v**3 - 14*v**2 + 14*v + 37. Let q(n) = -11*o(n) + 4*r(n). Give q(j).
16
Let w(x) be the second derivative of x**4/12 + 2*x**3/3 + x**2 + 30*x. Let p be 8/(-56) - 102/21. What is w(p)?
7
Let w(j) = 9*j**2 + 6*j - 1. Suppose -1 = -u - 2*d, 0 = 3*d - 46 + 43. What is w(u)?
2
Let m(b) = 124 - 215 - b + 115. Determine m(18).
6
Let x = 2 + 3. Let q(g) = 156*g**3 - 9*g**2 - 38*g - 91. Let h(f) = -55*f**3 + 3*f**2 + 13*f + 32. Let r(o) = -17*h(o) - 6*q(o). What is r(x)?
-13
Let n(m) be the second derivative of m**5/20 + 5*m**4/12 - 5*m**3/6 - 2*m**2 + 23772*m. Suppose 0 = -4*z - v - 4*v - 4, -4*v + 16 = 0. Give n(z).
-10
Suppose -j = -7 - 12. Let y(c) = 4 - 22*c - j*c + 42*c. Determine y(-6).
-2
Let x = -176 - -179. Let h(f) = -6 + 2*f**2 - f**x - 2 + 9 - 5 + 3*f. Determine h(4).
-24
Let u be (21/27*-3 - -2)*-27. Let g(q) = 7*q**2 + 3*q + 9. Let s(v) = 8*v**2 + 5*v + 10. Let r(k) = 7*g(k) - 6*s(k). Give r(u).
3
Let o(j) = -96 + j + 64*j**2 - 36*j**2 + 38 + 33 - 29*j**2 + 33. Suppose -20 = 5*h - 2*q, 0*h - 5*h = -4*q + 10. Give o(h).
-34
Let m(z) = -z - 4. Let f(p) = 24*p - 28. Let x(c) = -42*c + 56. Let a(t) = 5*f(t) + 3*x(t). Let w be a(4). Calculate m(w).
-8
Suppose -29*n - 40*n = 207. Let l(k) = 4*k - 6. Let x(v) = -3*v + 4. Suppose 3 - 11 = f. Let r(u) = f*x(u) - 5*l(u). Calculate r(n).
-14
Let a(p) be the third derivative of p**4/24 - 7*p**3/3 - 1102*p**2. Suppose 2*c = d - c, -4*d = c - 26. What is a(d)?
-8
Suppose 3*m - 5*m = 2*p - 16, -3*m - 5*p + 32 = 0. Suppose -m*k - 6 = -2*k. Let u(v) = v + 2. Let r(w) = -7*w - 6. Let o(t) = -r(t) - 4*u(t). Give o(k).
-11
Let r(w) = -w**3 - 16*w**2 + 15*w - 20. Let m be ((-2839)/1336)/(2/16). Calculate r(m).
14
Let u(l) be the first derivative of -1/4*l**4 + 97 + l + 7/3*l**3 + 3/2*l**2. Calculate u(8).
-39
Let h(i) = -3*i**3 + 36*i**2 + 25*i - 24. Let q(n) = 2*n**3 - 24*n**2 - 16*n + 16. Let k(t) = 5*h(t) + 7*q(t). Calculate k(13).
-8
Let s = -315 + 316. Let l(i) be the first derivative of 13*i**5/60 - i**4/24 + i**3/6 + 4*i**2 + 1. Let c(b) be the second derivative of l(b). Determine c(s).
13
Let n(u) be the first derivative of 2*u**2 - 9. Let h = -70 + 76. Suppose -3*a + 0 = -h. Calculate n(a).
8
Let a(y) = y**2 + 10*y + 19. Let o(c) = 2*c**2 + 21*c + 39. Let q(s) = 7*a(s) - 3*o(s). Calculate q(-5).
6
Let u(z) = -z**3 + 7*z**2 - 8*z + 6. Let l be u(6). Suppose -3*m + 5*k - 18 = 4, 4*m + 5*k - 29 = 0. Let g = m + l. Let a(w) = -w**2 - 8*w - 7. Determine a(g).
8
Suppose 0 = -2*b - u + 20, -2*b - 7*u = -11*u. Suppose -9*g - b + 35 = 0. Let a(p) = 2*p - 1. What is a(g)?
5
Let p(o) be the third derivative of 1/8*o**4 + 0*o + 1/6*o**3 + 31*o**2 + 1/20*o**5 + 1. What is p(3)?
37
Let f(j) = -j**2 + 7*j + 5. Let m(t) be the third derivative of 7*t**4/24 + 139*t**3/6 + 2*t**2 - 41*t. Let a be m(-19). Determine f(a).
11
Let q = 1595 + -1598. Let f(z) = z**2 - 2*z + 2. Let j be f(2). Let y(a) = -2*a**3 + a**3 - 7*a**j + 3*a**2 + 4 - a + 0. What is y(q)?
-2
Let u(s) = -32*s - 32. Let h be u(-1). Suppose 3*p - 5*q = 28, 3*p - 2*q + h*q - 22 = 0. Let o(f) = 3*f - 6. Calculate o(p).
12
Let p = 13 + 4. Let i(g) = -13*g - 47 - 3*g + 46 + p*g - 5*g**2. Let b(c) = -c**2 - 12*c - 10. Let j be b(-11). Give i(j).
-5
Let x(f) = -f**3 - 7*f**2 - 7*f + 4. Let v(k) = 6*k - 90. Let o be v(14). Give x(o).
10
Let t(u) = 4*u - 16. Let d(f) = 17*f - 65. Let c(x) = 2*d(x) - 9*t(x). Suppose -17 - 3 = -2*j. Calculate c(j).
-6
Let f(d) be the third derivative of d**5/20 + 13*d**4/24 + 8*d**3/3 + 519*d**2 - d - 1. What is f(-4)?
12
Suppose 0 = -5*x + 2*y + 7, 0 = -4*x + y + 3216 - 3211. Let z(d) = 2*d + 29*d**2 + 0*d - 1 + 0*d. What is z(x)?
30
Let r(o) be the third derivative of -o**6/120 - o**5/20 + o**4/4 + 16*o**3/3 + 6217*o**2. Calculate r(-3).
14
Let g be 42/4 - 10/20. Let b(u) be the first derivative of -u**2 + 4*u - 1219. Give b(g).
-16
Let p = -18568 - -18577. Let y(u) = -11*u + 55. Give y(p).
-44
Let m(k) = k + 1. Let w(q) be the third derivative of -q**5/60 - q**4/6 - 2*q**3/3 - 2*q**2. Let a(b) = 6*m(b) + 2*w(b). Suppose -81 = 39*d - 3. Calculate a(d).
-6
Let f(k) be the first derivative of 6*k**2 + 7*k + 1182. Determine f(5).
67
Suppose -2*j - 14 = j + q, -3*q = 6. Let t be ((1 + 1)/(-6))/(8/(-144)). Let d(x) = x**2 + 2 - t + 2 + 3*x - 2. What is d(j)?
0
Suppose 12*j - 7*j = -5. Let v(u) = 78*u - 3. Let c be v(j). Let o = c - -82. Let f(z) = -11*z**2 + 1. Give f(o).
-10
Let t(p) = p + 2. Let z be (-4 + 1)/((-41)/(-82)). Determine t(z).
-4
Let j(x) be the third derivative of -7/6*x**3 + 0*x + x**2 + 0 + 1/24*x**4. Give j(6).
-1
Let h(i) = 3*i + 1. Suppose 26*d + 197 = -11. Suppose -2*p - 3*w - 2 = 0, 2*w = 4*p - w - 14. Let a be p/d + 27/12. Give h(a).
7
Let m(x) = 4*x**2 - x + 2. Let r be m(1). Suppose -5*h + 5*c - 45 = 0, -r*c = -2*h - 18 - 12. Let o(p) = p**2 + 6*p + 5. What is o(h)?
0
Let r be (3*2/(-2))/((-6)/4). Let i(h) = -10*h**2 - 3*h**3 + 2*h**3 + 2 + 6*h**r + 0. Let z be i(-3). Let n(b) = -b**2 - 7*b + 5. Determine n(z).
5
Let o(j) = j**2 + 5*j + 10. Let k(m) = 3*m**2 + 77*m - 112. Let h be k(-27). Calculate o(h).
6
Let w(b) = -b**3 + 13*b**2 - b + 3. Suppose -2*i + 8 = -3*f, -37 + 0 = -i - 4*f. What is w(i)?
-10
Let b(y) = -y**2 + 53*y + 11. Let v(o) = -o**2 + 48*o + 12. Let d(t) = 7*b(t) - 8*v(t). Calculate d(14).
-5
Let b(i) = -9*i - 1. Let r(u) be the third derivative of 0 + 0*u**3 + 7/24*u**4 + 46*u**2 + 0*u. Let c(q) = -4*b(q) - 5*r(q). Give c(3).
7
Let g(r) = -13*r**3 + 8*r**2 - 10*r + 25. Let k(v) = 11*v**3 - 6*v**2 + 8*v - 22. Let t(x) = 5*g(x) + 6*k(x). Determine t(-5).
-22
Suppose 11 = -6*f + 19 + 16. Let t(c) = -c**2 + 11. Give t(f).
-5
Let m(s) = -s**3 - 8*s**2 - 7*s - 3. Let n(b) = 14*b + 9. Let a = 3 + -7. Let t be n(a). Let r = t - -40. What is m(r)?
-3
Let m = 153 - 153. Let v(t) be the second derivative of -t**3/3 + 7*t**2/2 + t - 5. What is v(m)?
7
Let c be (-6 - -21) + 8 + (-9 - -2). Let j(k) = -2*k + 2. Determine j(c).
-30
Let m(o) = o**2 + 15*o - 4. Suppose 68*c + 225 = -82*c + 135*c. Give m(c).
-4
Let b(r) = -r**3 + 25*r**2 + r - 23. Let q be b(25). Let n(p) = -p**3 - 2*p**2 - p + 2. Let c(o) = -13*o**2 - 5*o + 4. Let g(d) = q*n(d) + c(d). Give g(-8).
0
Let w(o) be the second derivative of -o**5/120 + o**3/2 - 10*o**2 + 193*o. Let q(b) be the second derivative of w(b). What is q(-8)?
8
Suppose 7*f = 2*f. Let w = 696 + -694. Let d(p) = 0*p - p - 7 + w*p - 2*p + p**2. What is d(f)?
-7
Let x(p) = -43 + 29*p - 55*p + 18*p + 23*p + 7. Give x(2).
-6
Let u = 8003 + -8016. Let t(a) = a**2 + 13*a - 14. Calculate t(u).
-14
Let h(d) = -102 + 205 + 3*d - 104 - d. Let i = -757 + 761. What is h(i)?
7
Let q(s) = -35*s**2 + 3*s**3 - 9 - 12*s**2 - s + 46*s**2. What is q(3)?
60
Let x = -50 + 66. Suppose 21*r - x*r = -25. Let o(b) = -b**2 - b - 3. What is o(r)?
-23
Let z(u) = -198*u - 1182. Let n be z(-6). Let g(p) = -p**2 + 9*p - 6. What is g(n)?
12
Suppose 0 = -3*m - 2*q - 60, -25*m - 4*q - 80 = -21*m. Let b(w) = -2*w**3 - 37*w**2 + 60*w - 5. Give b(m).
-5
Let q(i) = -8*i**2 + 3*i + 2. Suppose -3*m + 15*z - 17*z = 10, 4*z + 4 = 2*m. What is q(m)?
-36
Let d = -122 - -159. Let w(v) = -1 - 70*v + d*v + 40*v. Calculate w(-1).
-8
Let t(d) be the third derivative of -1/2*d**4 - 37 - 1/6*d**5 - d**2 + 5/3*d**3 + 1/120*d**6 + 0*d. Give t(11).
-1
Let y(o) = -7*o**2 + 22*o - 25. Let m(g) = -32*g**2 + 88*g - 102. Let k(l) = 2*m(l) - 9*y(l). Calculate k(-21).
42
Let q(k) = -k**2 - k + 3. Let j be q(0). Suppose -115 + 95 = -5*g. Let s(t) = 74*t - 40*t - t**3 + g*t**2 + 4 - 38*t. Give s(j).
1
Let o = -2986 + 2978. Let d(k) = -k**3 - 8*k**2 - 10*k - 2. Determine d(o).
78
Let p(r) = 2*r + 9. Suppose 2*k + 33 = 3*